t are the prime factors of 755375?
5, 6043
List the prime factors of 58508.
2, 14627
List the prime factors of 345210.
2, 3, 5, 37, 311
What are the prime factors of 6365419?
43, 179, 827
What are the prime factors of 432624?
2, 3, 9013
List the prime factors of 3676327.
3676327
List the prime factors of 3033770.
2, 5, 303377
List the prime factors of 137270.
2, 5, 7, 37, 53
What are the prime factors of 13362143?
37, 59, 6121
What are the prime factors of 347775?
3, 5, 4637
List the prime factors of 11943854.
2, 13, 23, 19973
What are the prime factors of 275912?
2, 7, 13, 379
List the prime factors of 239047.
29, 8243
What are the prime factors of 1998794?
2, 7, 142771
List the prime factors of 22743076.
2, 17, 19, 29, 607
List the prime factors of 2222534.
2, 103, 10789
What are the prime factors of 160489?
7, 101, 227
What are the prime factors of 6582007?
6582007
What are the prime factors of 22109848?
2, 349, 7919
List the prime factors of 118409.
118409
List the prime factors of 4762474.
2, 53, 179, 251
List the prime factors of 1960576.
2, 17, 53
What are the prime factors of 342724?
2, 47, 1823
What are the prime factors of 186736?
2, 11, 1061
What are the prime factors of 187468?
2, 46867
What are the prime factors of 12156511?
12156511
What are the prime factors of 347117?
313, 1109
List the prime factors of 13059230.
2, 5, 17, 76819
What are the prime factors of 223487?
11, 1847
List the prime factors of 11317451.
11317451
What are the prime factors of 3499538?
2, 7, 249967
List the prime factors of 239903.
127, 1889
What are the prime factors of 116953?
116953
What are the prime factors of 353902?
2, 176951
List the prime factors of 6285455.
5, 11, 114281
What are the prime factors of 179637?
3, 59879
List the prime factors of 348807.
3, 116269
What are the prime factors of 10414462?
2, 229, 22739
What are the prime factors of 1544301?
3, 11, 19, 821
What are the prime factors of 162742?
2, 81371
What are the prime factors of 77152?
2, 2411
What are the prime factors of 580519?
41, 14159
What are the prime factors of 986461?
7, 19, 7417
What are the prime factors of 203141?
203141
List the prime factors of 3475767.
3, 113, 10253
What are the prime factors of 4263747?
3, 1421249
What are the prime factors of 25252612?
2, 7, 11, 163, 503
List the prime factors of 178398.
2, 3, 11, 17, 53
What are the prime factors of 6195492?
2, 3, 172097
What are the prime factors of 5862784?
2, 163, 281
What are the prime factors of 297568?
2, 17, 547
List the prime factors of 13102915.
5, 7, 113, 3313
List the prime factors of 11236469.
11236469
What are the prime factors of 13869860?
2, 5, 693493
List the prime factors of 15589952.
2, 7, 17, 23, 89
What are the prime factors of 430?
2, 5, 43
What are the prime factors of 3314387?
3314387
List the prime factors of 554032.
2, 31, 1117
List the prime factors of 12272543.
1759, 6977
List the prime factors of 755635.
5, 79, 1913
What are the prime factors of 525050?
2, 5, 10501
List the prime factors of 20593451.
29, 710119
What are the prime factors of 17351147?
11, 1577377
What are the prime factors of 28435893?
3, 47, 201673
List the prime factors of 2988581.
83, 36007
List the prime factors of 2804909.
29, 311
What are the prime factors of 106877?
106877
What are the prime factors of 14110935?
3, 5, 17, 55337
What are the prime factors of 946632?
2, 3, 39443
List the prime factors of 2504571.
3, 834857
What are the prime factors of 202544?
2, 12659
List the prime factors of 3617251.
11, 499, 659
List the prime factors of 1671632.
2, 191, 547
What are the prime factors of 24850?
2, 5, 7, 71
List the prime factors of 3505276.
2, 359, 2441
What are the prime factors of 2192519?
7, 293, 1069
List the prime factors of 4285759.
163, 26293
What are the prime factors of 366513?
3, 7, 31, 563
List the prime factors of 937764.
2, 3, 19, 457
What are the prime factors of 1357602?
2, 3, 226267
What are the prime factors of 301098?
2, 3, 7, 67, 107
List the prime factors of 230312.
2, 28789
List the prime factors of 1045836.
2, 3, 11, 19, 139
List the prime factors of 268304.
2, 41, 409
List the prime factors of 1322749.
1322749
What are the prime factors of 1986424?
2, 11, 22573
What are the prime factors of 5444119?
271, 20089
What are the prime factors of 945337?
41, 23057
What are the prime factors of 7661880?
2, 3, 5, 21283
What are the prime factors of 3173713?
17, 186689
List the prime factors of 322895.
5, 64579
List the prime factors of 8838126.
2, 3, 11, 14879
What are the prime factors of 159933?
3, 89, 599
What are the prime factors of 310928?
2, 19433
What are the prime factors of 1168534?
2, 37, 15791
List the prime factors of 4377379.
4377379
What are the prime factors of 1249191?
3, 138799
List the prime factors of 5287385.
5, 1057477
List the prime factors of 922218.
2, 3, 11, 89, 157
List the prime factors of 793838.
2, 396919
List the prime factors of 2308941.
3, 151, 1699
List the prime factors of 307497.
3, 102499
List the prime factors of 120825.
3, 5, 179
List the prime factors of 542191.
13, 179, 233
List the prime factors of 837681.
3, 13, 47, 457
What are the prime factors of 6405041?
1289, 4969
List the prime factors of 1256136.
2, 3, 7, 7477
List the prime factors of 15264992.
2, 477031
List the prime factors of 5717489.
5717489
List the prime factors of 1912792.
2, 7, 34157
What are the prime factors of 6461597?
23, 280939
What are the prime factors of 5711226?
2, 3, 79, 12049
List the prime factors of 1575193.
29, 1873
What are the prime factors of 14898775?
5, 595951
List the prime factors of 10842537.
3, 3614179
What are the prime factors of 52844?
2, 11, 1201
What are the prime factors of 534022?
2, 83, 3217
List the prime factors of 21480096.
2, 3, 11, 20341
List the prime factors of 7402603.
13, 569431
List the prime factors of 9542929.
11, 37, 23447
List the prime factors of 201702.
2, 3, 33617
List the prime factors of 1813048.
2, 226631
What are the prime factors of 215767?
215767
What are the prime factors of 1177139?
29, 40591
What are the prime factors of 406226?
2, 23, 8831
List the prime factors of 2084092.
2, 521023
What are the prime factors of 6844507?
6844507
List the prime factors of 320897.
223, 1439
List the prime factors of 7112351.
7112351
List the prime factors of 1827429.
3, 609143
List the prime factors of 4934007.
3, 13, 14057
List the prime factors of 7345019.
11, 47, 14207
List the prime factors of 188530.
2, 5, 17, 1109
What are the prime factors of 20921624?
2, 283, 9241
List the prime factors of 5822253.
3, 191, 1129
List the prime factors of 920027.
53, 17359
What are the prime factors of 29259?
3, 3251
List the prime factors of 2318753.
29, 37, 2161
What are the prime factors of 76061?
23, 3307
List the prime factors of 39362842.
2, 1361, 14461
What are the prime factors of 616069?
616069
What are the prime factors of 12415980?
2, 3, 5, 206933
List the prime factors of 213868.
2, 127, 421
What are the prime factors of 172682?
2, 86341
List the prime factors of 271713.
3, 13, 6967
List the prime factors of 16446827.
73, 225299
List the prime factors of 5507892.
2, 3, 13, 3923
List the prime factors of 31382.
2, 13, 17, 71
List the prime factors of 2927661.
3, 11, 79, 1123
What are the prime factors of 18560?
2, 5, 29
What are the prime factors of 5635109?
17, 503, 659
List the prime factors of 815444.
2, 7, 29123
List the prime factors of 605015.
5, 23, 5261
List the prime factors of 880610.
2, 5, 107, 823
List the prime factors of 3192011.
991, 3221
What are the prime factors of 58062?
2, 3, 9677
List the prime factors of 382289.
53, 7213
List the prime factors of 2259310.
2, 5, 225931
What are the prime factors of 86813?
86813
List the prime factors of 866052.
2, 3, 11
List the prime factors of 787721.
11, 19, 3769
What are the prime factors of 12497?
12497
What are the prime factors of 278827?
278827
List the prime factors of 1450493.
11, 29, 4547
List the prime factors of 153240.
2, 3, 5, 1277
What are the prime factors of 174671?
7, 24953
What are the prime factors of 122861?
122861
What are the prime factors of 352057?
352057
What are the prime factors of 3808230?
2, 3, 5, 61, 2081
List the prime factors of 1550220.
2, 3, 5, 7, 3691
What